{"id":25,"date":"2022-10-04T14:53:17","date_gmt":"2022-10-04T12:53:17","guid":{"rendered":"https:\/\/davidbasso.com\/diesel\/?post_type=product&#038;p=25"},"modified":"2025-12-12T20:56:37","modified_gmt":"2025-12-12T19:56:37","slug":"pack-dvd-t-shirt","status":"publish","type":"product","link":"https:\/\/davidbasso.com\/diesel\/produit\/pack-dvd-t-shirt\/","title":{"rendered":"Pack : DVD + T-SHIRT + AFFICHE"},"content":{"rendered":"<p><strong>Contenu du double DVD Digipack :<br \/>\n<\/strong><br \/>\nDVD 1 : le film (95minutes) + commentaires audio, clip in\u00e9dit de ISP &amp; lives in\u00e9dits (35 minutes)<br \/>\nDVD 2 : le documentaire exclusif\u00a0 compl\u00e9mentaire \u00e0 Diesel \u00ab\u00a0Le grand Mix\u00a0\u00bb (49 minutes) + les lives sessions (27 minutes) +\u00a0 les sc\u00e8nes coup\u00e9es (12 minutes) + lives in\u00e9dits (39 minutes)<\/p>\n<p><strong>+ Un T-SHIRT Diesel Explosion par Orguienne Corniere<\/strong><\/p>\n<p>++ Pour ceux qui veulent un DVD d\u00e9dicac\u00e9 par le r\u00e9alisateur pr\u00e9cisez le lors de la validation de commande dans notes ++<\/p>\n","protected":false},"excerpt":{"rendered":"<p>Le double DVD de Diesel + le nouveau T-SHIRT + nouvelle affiche<\/p>\n<p> <a class=\"more-link\" href=\"https:\/\/davidbasso.com\/diesel\/produit\/pack-dvd-t-shirt\/\">Lire la suite<\/a><\/p>","protected":false},"featured_media":14813,"comment_status":"open","ping_status":"closed","template":"","meta":{"_monsterinsights_skip_tracking":false,"_monsterinsights_sitenote_active":false,"_monsterinsights_sitenote_note":"","_monsterinsights_sitenote_category":0},"product_brand":[],"product_cat":[23,16,188],"product_tag":[200,78],"class_list":{"0":"post-25","1":"product","2":"type-product","3":"status-publish","4":"has-post-thumbnail","6":"product_cat-dvd","7":"product_cat-fringues","8":"product_cat-goodies","9":"product_tag-artwork-by-orguienne-corniere","10":"product_tag-pack","12":"first","13":"instock","14":"sale","15":"taxable","16":"shipping-taxable","17":"purchasable","18":"product-type-variable"},"aioseo_notices":[],"jetpack_sharing_enabled":true,"_links":{"self":[{"href":"https:\/\/davidbasso.com\/diesel\/wp-json\/wp\/v2\/product\/25","targetHints":{"allow":["GET"]}}],"collection":[{"href":"https:\/\/davidbasso.com\/diesel\/wp-json\/wp\/v2\/product"}],"about":[{"href":"https:\/\/davidbasso.com\/diesel\/wp-json\/wp\/v2\/types\/product"}],"replies":[{"embeddable":true,"href":"https:\/\/davidbasso.com\/diesel\/wp-json\/wp\/v2\/comments?post=25"}],"version-history":[{"count":6,"href":"https:\/\/davidbasso.com\/diesel\/wp-json\/wp\/v2\/product\/25\/revisions"}],"predecessor-version":[{"id":14799,"href":"https:\/\/davidbasso.com\/diesel\/wp-json\/wp\/v2\/product\/25\/revisions\/14799"}],"wp:featuredmedia":[{"embeddable":true,"href":"https:\/\/davidbasso.com\/diesel\/wp-json\/wp\/v2\/media\/14813"}],"wp:attachment":[{"href":"https:\/\/davidbasso.com\/diesel\/wp-json\/wp\/v2\/media?parent=25"}],"wp:term":[{"taxonomy":"product_brand","embeddable":true,"href":"https:\/\/davidbasso.com\/diesel\/wp-json\/wp\/v2\/product_brand?post=25"},{"taxonomy":"product_cat","embeddable":true,"href":"https:\/\/davidbasso.com\/diesel\/wp-json\/wp\/v2\/product_cat?post=25"},{"taxonomy":"product_tag","embeddable":true,"href":"https:\/\/davidbasso.com\/diesel\/wp-json\/wp\/v2\/product_tag?post=25"}],"curies":[{"name":"wp","href":"https:\/\/api.w.org\/{rel}","templated":true}]}}