{"id":2812,"date":"2021-08-09T23:27:02","date_gmt":"2021-08-09T21:27:02","guid":{"rendered":"http:\/\/davidbasso.com\/welcome\/?page_id=2812"},"modified":"2021-08-10T22:56:25","modified_gmt":"2021-08-10T20:56:25","slug":"formation","status":"publish","type":"page","link":"https:\/\/davidbasso.com\/welcome\/formation\/","title":{"rendered":"FORMATION &#038; P\u00c9DAGOGIE"},"content":{"rendered":"\n<div class=\"wp-block-group\"><div class=\"wp-block-group__inner-container is-layout-flow wp-block-group-is-layout-flow\">\n<h2 class=\"wp-block-heading\"><strong>Formateur &amp; animateur en vid\u00e9o :&nbsp;<\/strong><\/h2>\n\n\n\n<div class=\"wp-block-group\"><div class=\"wp-block-group__inner-container is-layout-flow wp-block-group-is-layout-flow\">\n<div class=\"wp-block-columns is-layout-flex wp-container-core-columns-is-layout-9d6595d7 wp-block-columns-is-layout-flex\">\n<div class=\"wp-block-column is-layout-flow wp-block-column-is-layout-flow\">\n<p>Depuis 2004, j\u2019anime des <strong>stages<\/strong>, des <strong>cours<\/strong>, des <strong>ateliers vid\u00e9os <\/strong>au sein d\u2019MJC, coll\u00e8ges, \u00e9coles, lyc\u00e9es\u2026&nbsp;<\/p>\n\n\n\n<div class=\"wp-block-image is-style-default\"><figure class=\"aligncenter size-full\"><img loading=\"lazy\" decoding=\"async\" width=\"768\" height=\"647\" src=\"https:\/\/davidbasso.com\/welcome\/wp-content\/uploads\/2021\/08\/7049182-768x647-1.jpg\" alt=\"\" class=\"wp-image-2836\"\/><figcaption><em>Atelier vid\u00e9o \/ M\u00e9dia Citoyennet\u00e9<\/em><\/figcaption><\/figure><\/div>\n<\/div>\n\n\n\n<div class=\"wp-block-column is-layout-flow wp-block-column-is-layout-flow\">\n<p>J\u2019anime aussi des <strong>ateliers \u00ab\u00a0pocket films\u00a0\u00bb<\/strong>, c\u2019est \u00e0 dire <strong>filmer et monter sur smartphone<\/strong>.&nbsp;<\/p>\n\n\n\n<figure class=\"wp-block-image size-large is-style-default\"><img loading=\"lazy\" decoding=\"async\" width=\"1024\" height=\"582\" src=\"https:\/\/davidbasso.com\/welcome\/wp-content\/uploads\/2021\/08\/Capture-de\u0301cran-2020-12-21-a\u0300-16.22.13-1536x873-1-1024x582.png\" alt=\"\" class=\"wp-image-2837\"\/><\/figure>\n\n\n\n<div class=\"wp-block-buttons is-layout-flex wp-block-buttons-is-layout-flex\">\n<div class=\"wp-block-button has-custom-font-size is-style-outline has-small-font-size is-style-outline--1\"><a class=\"wp-block-button__link\" href=\"https:\/\/davidbasso.com\/welcome\/index.php\/contact-db\/\">Formation Pocket Film : \u00c7a m\u2019int\u00e9resse !<\/a><\/div>\n<\/div>\n<\/div>\n<\/div>\n<\/div><\/div>\n<\/div><\/div>\n\n\n\n<h2 class=\"wp-block-heading\"><strong>Photo&nbsp;:<\/strong><\/h2>\n\n\n\n<div class=\"wp-block-columns is-layout-flex wp-container-core-columns-is-layout-9d6595d7 wp-block-columns-is-layout-flex\">\n<div class=\"wp-block-column is-layout-flow wp-block-column-is-layout-flow\">\n<p>J\u2019anime des formations professionnelles :<\/p>\n\n\n\n<p>Apprendre la photo et r\u00e9aliser un reportage photo.&nbsp;<\/p>\n\n\n\n<figure class=\"wp-block-image size-full is-style-default\"><img loading=\"lazy\" decoding=\"async\" width=\"613\" height=\"821\" src=\"https:\/\/davidbasso.com\/welcome\/wp-content\/uploads\/2021\/08\/Capture-de\u0301cran-2020-04-30-a\u0300-21.08.04.png\" alt=\"\" class=\"wp-image-2838\"\/><\/figure>\n\n\n\n<div class=\"wp-block-buttons is-layout-flex wp-block-buttons-is-layout-flex\">\n<div class=\"wp-block-button has-custom-font-size is-style-outline has-small-font-size is-style-outline--2\"><a class=\"wp-block-button__link\" href=\"https:\/\/davidbasso.com\/welcome\/index.php\/contact-db\/\">Formation pro (AFDAS \/ MCF) en 20 heures<\/a><\/div>\n<\/div>\n<\/div>\n\n\n\n<div class=\"wp-block-column is-layout-flow wp-block-column-is-layout-flow\">\n<p>J\u2019organise des stages et cours photos en visitant la Dr\u00f4me et l\u2019Ard\u00e8che via ma plateforme forme : formationphotoettourisme.com<\/p>\n\n\n\n<figure class=\"wp-block-image size-full is-style-default\"><img loading=\"lazy\" decoding=\"async\" width=\"1000\" height=\"660\" src=\"https:\/\/davidbasso.com\/welcome\/wp-content\/uploads\/2021\/08\/tourisme.png\" alt=\"\" class=\"wp-image-2546\"\/><\/figure>\n\n\n\n<div class=\"wp-block-buttons is-layout-flex wp-block-buttons-is-layout-flex\">\n<div class=\"wp-block-button has-custom-font-size is-style-outline has-small-font-size is-style-outline--3\"><a class=\"wp-block-button__link\" href=\"http:\/\/www.formationphotoettourisme.com\" target=\"_blank\" rel=\"noreferrer noopener\">Stage ou cours individuel<\/a><\/div>\n<\/div>\n<\/div>\n<\/div>\n\n\n\n<h2 class=\"wp-block-heading\"><meta charset=\"utf-8\"><strong>Graphisme<\/strong> : <\/h2>\n\n\n\n<p>J\u2019interviens aussi au Greta de Valence (Dr\u00f4me) pour animer des cours sur l\u2019application en ligne <strong><a href=\"https:\/\/www.canva.com\" target=\"_blank\" rel=\"noreferrer noopener\" title=\"https:\/\/www.canva.com\">Canva<\/a><\/strong>.&nbsp;<\/p>\n","protected":false},"excerpt":{"rendered":"<p>Formateur &amp; animateur en vid\u00e9o :&nbsp; Depuis 2004, j\u2019anime des stages, des cours, des ateliers vid\u00e9os au sein d\u2019MJC, coll\u00e8ges, \u00e9coles, lyc\u00e9es\u2026&nbsp; J\u2019anime aussi des ateliers \u00ab\u00a0pocket films\u00a0\u00bb, c\u2019est \u00e0 dire filmer et monter sur smartphone.&nbsp; Photo&nbsp;: J\u2019anime des formations professionnelles : Apprendre la photo et r\u00e9aliser un reportage photo.&nbsp; J\u2019organise des stages et cours &hellip; <\/p>\n","protected":false},"author":1,"featured_media":0,"parent":0,"menu_order":0,"comment_status":"closed","ping_status":"open","template":"","meta":{"content-type":"","om_disable_all_campaigns":false,"_monsterinsights_skip_tracking":false,"_monsterinsights_sitenote_active":false,"_monsterinsights_sitenote_note":"","_monsterinsights_sitenote_category":0,"_uf_show_specific_survey":0,"_uf_disable_surveys":false,"footnotes":""},"class_list":["post-2812","page","type-page","status-publish","hentry"],"aioseo_notices":[],"_links":{"self":[{"href":"https:\/\/davidbasso.com\/welcome\/wp-json\/wp\/v2\/pages\/2812","targetHints":{"allow":["GET"]}}],"collection":[{"href":"https:\/\/davidbasso.com\/welcome\/wp-json\/wp\/v2\/pages"}],"about":[{"href":"https:\/\/davidbasso.com\/welcome\/wp-json\/wp\/v2\/types\/page"}],"author":[{"embeddable":true,"href":"https:\/\/davidbasso.com\/welcome\/wp-json\/wp\/v2\/users\/1"}],"replies":[{"embeddable":true,"href":"https:\/\/davidbasso.com\/welcome\/wp-json\/wp\/v2\/comments?post=2812"}],"version-history":[{"count":20,"href":"https:\/\/davidbasso.com\/welcome\/wp-json\/wp\/v2\/pages\/2812\/revisions"}],"predecessor-version":[{"id":2848,"href":"https:\/\/davidbasso.com\/welcome\/wp-json\/wp\/v2\/pages\/2812\/revisions\/2848"}],"wp:attachment":[{"href":"https:\/\/davidbasso.com\/welcome\/wp-json\/wp\/v2\/media?parent=2812"}],"curies":[{"name":"wp","href":"https:\/\/api.w.org\/{rel}","templated":true}]}}